24388870?
110
Calculate the highest common divisor of 188106 and 392034.
1758
Calculate the highest common divisor of 6108 and 318125.
509
What is the greatest common divisor of 8690 and 14051335?
395
Calculate the highest common factor of 4548 and 1966631.
379
Calculate the highest common divisor of 9152 and 10585861.
143
Calculate the highest common factor of 116590 and 2759.
89
Calculate the highest common divisor of 10575 and 684450.
225
Calculate the greatest common divisor of 1397 and 12340717.
127
Calculate the greatest common factor of 17103661 and 1643.
31
Calculate the greatest common divisor of 118041943 and 687.
229
Calculate the greatest common divisor of 1532265 and 56.
7
What is the greatest common divisor of 64032 and 3522496?
736
What is the highest common factor of 168 and 66727112?
8
What is the greatest common factor of 5616 and 17014320?
432
What is the greatest common factor of 351 and 4023729?
27
What is the greatest common divisor of 470 and 10339150?
10
What is the greatest common factor of 19616 and 42692998?
1226
What is the highest common divisor of 74172168 and 27525?
1101
Calculate the greatest common factor of 7456517 and 21094.
53
Calculate the highest common divisor of 272 and 162281847.
17
What is the greatest common divisor of 14852280 and 14203?
2029
What is the highest common factor of 4662528 and 1131?
39
Calculate the highest common factor of 17853 and 7097379.
1623
Calculate the greatest common factor of 208740 and 13490.
710
What is the greatest common divisor of 1305 and 115565?
145
Calculate the greatest common factor of 81 and 35772354.
81
What is the greatest common factor of 1111185 and 855?
45
Calculate the highest common divisor of 8114 and 11434.
2
Calculate the highest common divisor of 1798949 and 103751.
359
What is the greatest common divisor of 1890 and 58588320?
210
Calculate the highest common divisor of 265610 and 1570.
10
What is the highest common factor of 3668 and 25835558?
1834
Calculate the greatest common divisor of 23228 and 276.
4
What is the greatest common divisor of 40456090 and 170?
170
What is the greatest common divisor of 3129835 and 52880?
3305
What is the greatest common factor of 72 and 82752552?
72
What is the highest common factor of 1621653960 and 13560?
13560
What is the highest common factor of 67639 and 552123?
1573
Calculate the highest common factor of 10998 and 8888358.
282
Calculate the greatest common divisor of 82670 and 28098.
14
What is the highest common divisor of 2088348 and 4896?
204
Calculate the highest common divisor of 206248 and 66675.
889
Calculate the highest common divisor of 22030318 and 962.
74
Calculate the highest common divisor of 322893795 and 45.
15
What is the highest common factor of 286798 and 35664?
1486
What is the greatest common factor of 2325600 and 142785?
855
What is the greatest common divisor of 151764 and 144?
12
Calculate the highest common divisor of 51876871 and 59.
59
What is the greatest common divisor of 12 and 16380500?
4
Calculate the greatest common factor of 2956954 and 182.
182
What is the highest common divisor of 1358 and 72058?
14
What is the greatest common factor of 33557 and 69?
23
Calculate the greatest common factor of 35343 and 16064433.
2079
What is the highest common divisor of 1187563 and 7436?
169
What is the highest common divisor of 41 and 86252479?
41
What is the greatest common factor of 1680393 and 15070?
11
Calculate the highest common divisor of 2815 and 332542706.
563
What is the greatest common divisor of 15487 and 5746?
17
What is the greatest common factor of 9903 and 182010538?
3301
Calculate the greatest common divisor of 621717866 and 3916.
1958
Calculate the highest common divisor of 8144 and 1506131.
509
Calculate the greatest common divisor of 12 and 30210036.
12
What is the highest common factor of 1769 and 424498085?
1769
Calculate the highest common divisor of 217251 and 331254.
2151
What is the highest common factor of 488 and 163064?
8
Calculate the greatest common divisor of 152 and 31213656.
152
Calculate the greatest common factor of 106 and 26350328.
106
Calculate the greatest common divisor of 52 and 34782371.
13
What is the highest common factor of 13 and 1286136540?
13
What is the highest common divisor of 6737184 and 39564?
5652
Calculate the highest common divisor of 40 and 21490180.
20
What is the greatest common factor of 243967 and 2599?
113
What is the greatest common factor of 60325975 and 50?
25
Calculate the greatest common divisor of 5979225 and 600.
75
Calculate the greatest common divisor of 196689786 and 13812.
6906
Calculate the greatest common factor of 107844 and 2422332.
132
Calculate the greatest common factor of 388 and 1330564.
4
What is the highest common divisor of 626584 and 12728072?
9352
Calculate the greatest common divisor of 114790468 and 1.
1
Calculate the highest common factor of 4892975 and 82175.
475
What is the greatest common factor of 51153 and 7514?
289
What is the greatest common divisor of 36076 and 53476?
116
What is the highest common divisor of 26508 and 4972459?
2209
What is the highest common factor of 9452400 and 6000?
1200
Calculate the highest common divisor of 630 and 30324840.
210
Calculate the highest common divisor of 1030715 and 845.
5
What is the highest common factor of 13 and 459931979?
13
Calculate the greatest common divisor of 126 and 1913022.
18
Calculate the greatest common factor of 150447176 and 248864.
8888
Calculate the highest common factor of 4026 and 1272564249.
2013
What is the highest common factor of 12061 and 52213?
7
Calculate the highest common divisor of 36465 and 3999930.
2805
What is the greatest common divisor of 356211 and 1975?
79
Calculate the greatest common factor of 104 and 18474079.
13
What is the highest common divisor of 35055 and 10959300?
1845
Calculate the highest common divisor of 18073053 and 53.
53
What is the greatest common divisor of 8511918 and 372?
186
Calculate the highest common divisor of 24513725 and 25.
25
What is the highest common factor of 126181 and 2673?
11
What is the highest common factor of 5676969 and 50583?
3891
Calculate the highest common factor of 391 and 51758395.
23
What is the greatest common divisor of 88196 and 42891?
17
What is the highest common divisor of 44 and 9458614?
22
Calculate the highest common factor of 312 and 15884713.
13
Calculate the greatest common divisor of 45287 and 49511.
11
Calculate the highest common factor of 55 and 25069528.
11
Calculate the highest common factor of 12200 and 2529840800.
12200
What is the greatest common divisor of 40816800 and 2880?
1440
Calculate the highest common factor of 843220212 and 927.
309
Calculate the greatest common factor of 968929 and 106069.
73
Calculate the greatest common factor of 63 and 226338.
21
What is the highest common divisor of 939 and 385758728?
313
What is the highest common factor of 90951003 and 660?
33
What is the highest common factor of 108428055 and 2910?
1455
Calculate the highest common divisor of 1079720 and 130.
10
Calculate the greatest common factor of 22620 and 21918.
78
What is the greatest common factor of 9 and 19147014?
9
Calculate the greatest common divisor of 1746 and 550771626.
582
What is the greatest common divisor of 1284 and 34743435?
321
What is the highest common factor of 288 and 6537312?
288
Calculate the highest common divisor of 536556 and 13908.
732
Calculate the greatest common divisor of 1470 and 4167930.
30
Calculate the highest common divisor of 5457 and 2776008.
321
What is the highest common factor of 607058347 and 4193?
4193
Calculate the highest common divisor of 23490 and 7323210.
810
What is the highest common factor of 324 and 480504?
12
What is the highest common divisor of 1462 and 114520954?
86
Calculate the greatest common factor of 104 and 33944482.
26
Calculate the greatest common factor of 7714365 and 3660.
915
Calculate the greatest common divisor of 5676 and 385077.
33
Calculate the highest common factor of 40338144 and 118272.
7392
Calculate the highest common divisor of 197079 and 1168161.
1101
What is the highest common divisor of 361407 and 14151?
159
Calculate the highest common divisor of 150 and 27907225.
25
Calculate the